{"id":40,"date":"2016-03-04T19:43:47","date_gmt":"2016-03-04T19:43:47","guid":{"rendered":"https:\/\/eduk8.net\/?page_id=40"},"modified":"2017-09-01T17:40:46","modified_gmt":"2017-09-01T17:40:46","slug":"historia","status":"publish","type":"page","link":"https:\/\/eduk8.net\/index.php\/historia\/","title":{"rendered":"Historia"},"content":{"rendered":"<p>Sukeltajat It\u00e4meren puolesta ry \u2013 on perustettu kes\u00e4ll\u00e4 2015 j\u00e4rjest\u00e4m\u00e4\u00e4n Project AWARE tapahtumia ja edist\u00e4m\u00e4\u00e4n vesien suojelua, sukeltajien n\u00e4k\u00f6kulmasta. Ennen 2015 Project AWARE tapahtumia on j\u00e4rjestetty p\u00e4\u00e4kaupunkiseudulla erin\u00e4isill\u00e4 kokoonpanoilla.<\/p>\n<p>Project AWARE perustettiin 1989 USAn Kaliforniassa ja jo 90-luvulla j\u00e4rjest\u00f6n rantojen ja vesien siivous tapahtuma levisi my\u00f6s Suomeen. 1990 luvun lopussa ja 2000 luvun alussa tapahtumia j\u00e4rjestettiin satunnaisesti eri PADI sukelluskeskusten aktiivien avustuksella. \u00a0Aktiivisimmat p\u00e4\u00e4kaupunkiseudun j\u00e4rjest\u00e4v\u00e4t keskukset olivat sen ajan suuret keskukset NDI, Seasport ja Polarsukellus.<\/p>\n<p>2000 luvun alun j\u00e4lkeen Project AWARE tapahtumia ei j\u00e4rjestetty, kunnes vuonna 2007 Helsinkiin rantautunut sukelluskeskus j\u00e4rjesti tapahtuman. Alun innostuksen j\u00e4lkeen j\u00e4rjest\u00e4mi\u00e4 vastuu siirtyi j\u00e4lleen vapaaehtoisille ja 2008 tapahtuma j\u00e4rjestettiin Kaivopuiston rannassa, j\u00e4rjest\u00e4jin\u00e4 toimi nytkin mukana oleva Mikael ja silloisesta Divemasterista Ritva. Vuodeksi 2009 siirtyi Hietalahden uimarannalle Divemasterin j\u00e4\u00e4dess\u00e4 pois kuvioista.<\/p>\n<p>Tapahtuman siirtyess\u00e4 seuraavalle vuosikymmenelle j\u00e4rjestelyinto j\u00e4lleen hyytyi ja vastuu siirtyi Tiinalle, joka oli vastuussa tapahtuman j\u00e4rjest\u00e4misest\u00e4 Tokoinrannassa 2013 &amp; 2014.<\/p>\n<p>Vuonna 2015 Sukeltajat It\u00e4merenpuolesta ry toimi ensimm\u00e4ist\u00e4 kertaa tapahtuman j\u00e4rjest\u00e4j\u00e4n\u00e4. Tapahtuma j\u00e4rjestettiin Kaisaniemen rannassa ja se ker\u00e4si reilut 30 osallistujaa.<\/p>\n","protected":false},"excerpt":{"rendered":"<p>Sukeltajat It\u00e4meren puolesta ry \u2013 on perustettu kes\u00e4ll\u00e4 2015 j\u00e4rjest\u00e4m\u00e4\u00e4n Project AWARE tapahtumia ja edist\u00e4m\u00e4\u00e4n vesien suojelua, sukeltajien n\u00e4k\u00f6kulmasta. Ennen 2015 Project AWARE tapahtumia on j\u00e4rjestetty p\u00e4\u00e4kaupunkiseudulla erin\u00e4isill\u00e4 kokoonpanoilla. Project AWARE perustettiin 1989 USAn Kaliforniassa ja jo 90-luvulla j\u00e4rjest\u00f6n rantojen ja vesien siivous tapahtuma levisi my\u00f6s Suomeen. 1990 luvun lopussa ja 2000 luvun alussa tapahtumia [&hellip;]<\/p>\n","protected":false},"author":1,"featured_media":0,"parent":0,"menu_order":0,"comment_status":"closed","ping_status":"closed","template":"","meta":{"footnotes":"","_links_to":"","_links_to_target":""},"class_list":["post-40","page","type-page","status-publish","hentry"],"_links":{"self":[{"href":"https:\/\/eduk8.net\/index.php\/wp-json\/wp\/v2\/pages\/40","targetHints":{"allow":["GET"]}}],"collection":[{"href":"https:\/\/eduk8.net\/index.php\/wp-json\/wp\/v2\/pages"}],"about":[{"href":"https:\/\/eduk8.net\/index.php\/wp-json\/wp\/v2\/types\/page"}],"author":[{"embeddable":true,"href":"https:\/\/eduk8.net\/index.php\/wp-json\/wp\/v2\/users\/1"}],"replies":[{"embeddable":true,"href":"https:\/\/eduk8.net\/index.php\/wp-json\/wp\/v2\/comments?post=40"}],"version-history":[{"count":5,"href":"https:\/\/eduk8.net\/index.php\/wp-json\/wp\/v2\/pages\/40\/revisions"}],"predecessor-version":[{"id":303,"href":"https:\/\/eduk8.net\/index.php\/wp-json\/wp\/v2\/pages\/40\/revisions\/303"}],"wp:attachment":[{"href":"https:\/\/eduk8.net\/index.php\/wp-json\/wp\/v2\/media?parent=40"}],"curies":[{"name":"wp","href":"https:\/\/api.w.org\/{rel}","templated":true}]}}